Suppose 4*s - b - 426 = b, -z = -3*s + 4*b. Calculate the highest common divisor of 12 and s.
12
Let p = 510 + -855. Let k be (2/(-4))/(p/114 - -3). Suppose 70 = -14*b + k*b. Calculate the highest common divisor of 2 and b.
2
Let p be (-132)/176 - 30/(-8). Suppose p*y - 9 = -3*q, 2*q - 3*y = 7*q - 23. Suppose -5 = -v + 2. Calculate the greatest common factor of v and q.
7
Suppose -132*o + 420 = -57*o - 65*o. Calculate the highest common divisor of o and 1344.
42
Let d(m) = 55*m**3 - 13*m**2 + 2*m + 10. Let u be d(3). What is the highest common factor of 8 and u?
8
Let p = 290 + -282. Let q = 239 - p. What is the greatest common divisor of q and 42?
21
Let u be 7/(-70)*18*20/(-6). Suppose -u*h + 12 = -0. Let m be 24 - 3 - (1 + h). Calculate the highest common divisor of 45 and m.
9
Suppose -8*p = 19*p - 4293. What is the greatest common factor of 15 and p?
3
Let k(u) = 45*u + 10 - 46*u + 2*u**2 - 3*u**2. Let g be k(-3). Let y be (0 - 1)/((-2)/g). Calculate the highest common factor of y and 8.
2
Suppose 3*h - 16*w - 923 = -17*w, -2*h + 5*w + 621 = 0. Calculate the greatest common divisor of h and 19712.
308
Let n(v) = -28*v + 877. Let x be n(30). What is the greatest common factor of x and 6253?
37
Let l(u) = -u**3 - 21*u**2 - 20*u + 20. Let f = 55 - 85. Let j = -50 - f. Let c be l(j). What is the greatest common divisor of c and 4?
4
Suppose 4*b - 383 = -51*b + 497. Calculate the greatest common divisor of b and 13936.
16
Let p = -4682 - -4737. What is the highest common factor of 638 and p?
11
Let v be 3 + (-100)/35 - 207/(-21). Suppose -f + 5*q = -19, v*f - 2*q = 5*f + 49. Calculate the highest common divisor of f and 27.
9
Let b = -12605 - -30791. What is the highest common divisor of 21 and b?
21
Suppose -4*s = -3*n - 2*n - 19, 2*s + 10 = -4*n. Let i be (n/(-2))/((-4)/8). Let u be i - ((-51)/9 + -3)*3. Calculate the highest common factor of 92 and u.
23
Suppose 3*c - 12 = 0, 0*z + 4*c = -z + 32. Suppose 2*b = -b - 225. Let g be 32/10*b/(-3). What is the greatest common divisor of g and z?
16
Suppose 2*m + 59 - 159 = 0. Let o be 50/(-3)*(-54)/36. Let y be o - (-5 + 5)/8. What is the greatest common divisor of m and y?
25
Let v(l) = -10*l + 41. Let o be v(6). Let j be (-172)/(-9) + o/171. Calculate the greatest common divisor of j and 19.
19
Let w(m) = 83 - 4*m - 7*m + 90 + 234 - 42. Let o be w(29). Suppose d - 4*d = -1518. What is the highest common factor of o and d?
46
Let w = 397 + -377. Suppose 41*l + 2*y = 38*l + 154, -5*y = 5*l - 260. What is the greatest common divisor of w and l?
10
Suppose -416 = -0*u - 4*u. Suppose -4*n - 5*o = -37, 107*n - 111*n + 46 = 2*o. Calculate the greatest common factor of n and u.
13
Suppose -2334 = 5*q - 2*c - 306, 3*q + 1216 = c. Let o = q + 638. Calculate the greatest common divisor of 26 and o.
26
Suppose 23*j = -5*j + 6944. Let d be ((3 - 9)/6)/((-4)/j). What is the greatest common divisor of d and 62?
62
Suppose 0 = -45*g + 6*g + 4056. Calculate the highest common divisor of g and 4316.
52
Suppose -w - 3*w + 36 = 0. Let f(r) = 2*r**2 + 15*r + 10. Let l be f(-11). Let u = 93 - l. What is the highest common factor of u and w?
3
Let q(o) = -o**3 + o**2 + 67*o - 83. Let y be q(8). Calculate the highest common divisor of 5110 and y.
5
Suppose -2*a = -78 + 6. Suppose -a = 3*w - 51. Suppose -10 = 5*v, -4*t - 2*v + 78 = -w*v. What is the greatest common factor of t and 45?
9
Let x be (4 + -14)*140/(-25). Let c = 86 - x. Let b = 93 - 53. Calculate the greatest common divisor of c and b.
10
Let l be -2 - (0 + -7 + 1225). Let f = l - -1737. Calculate the greatest common divisor of f and 47.
47
Let f = 20 - -525. Suppose -2*q = -205 - f. Let g be 13*((-2)/(-7) + q/35). Calculate the highest common divisor of g and 13.
13
Let w(p) = 8*p - 35. Let f be w(7). Suppose 3107 = f*v - 148. What is the greatest common factor of v and 31?
31
Let x(s) = 305*s + 1537. Let v be x(-5). Calculate the greatest common factor of 10 and v.
2
Suppose 10309 = q + 5*d, -8642 = -4*q + 2*d + 32572. Calculate the highest common divisor of 483 and q.
161
Let d(t) = t**3 + 12*t**2 + 19*t + 36. Let c be d(-3). Calculate the greatest common factor of c and 7500.
60
Suppose -56*c - 101*c + 49769 = 0. Suppose 771 = -4*h - 5*t, 0 = 2*h - 2*t + 452 - 44. Let x = h + c. What is the highest common divisor of 59 and x?
59
Suppose 10*z = -4*z + 336. Suppose -374 = -z*r + 634. Calculate the greatest common divisor of 8 and r.
2
Suppose 7*b - 9*b = 15 - 111. What is the highest common divisor of 1808 and b?
16
Let g = 2360 - 1260. Let f be g/6 - (-4 - (-80)/24). Calculate the greatest common divisor of f and 46.
46
Let z = -451 + -2. Let g = 469 + z. What is the highest common factor of g and 72?
8
Suppose -3*c = j - 7, c - 5*j = -2*c + 37. Let w be (195/6 + 6)*c. What is the highest common factor of 56 and w?
14
Suppose -25*x + 516 = -28*x. Let s = -130 - x. What is the highest common factor of 462 and s?
42
Let f(c) = -c**2 - 49*c + 15. Let s be f(6). Let j be (-42)/s - (-836)/30. Calculate the greatest common factor of j and 12.
4
Suppose 0 = -418*f + 15230 + 14997 + 45013. Calculate the greatest common factor of 24660 and f.
180
Suppose 3*u - b - 3*b - 402 = 0, -4*u - 2*b + 514 = 0. Suppose -18*i + u = -13*i. Calculate the highest common factor of i and 26.
26
Let s = 8614 + -7510. Calculate the highest common divisor of s and 624.
48
Suppose -4*l + 13*o - 14*o + 8366 = 0, -3*l = 3*o - 6288. Calculate the greatest common factor of l and 1210.
110
Suppose -2*s + 40968 + 9755 = 5*i, 3*i = 2*s + 30453. Calculate the highest common factor of i and 73.
73
Suppose -q + 5*y = -16, -9*y + 192 = 5*q - 6*y. Suppose -19*o + m = -21*o + 22, -2*m - q = -4*o. Calculate the highest common divisor of o and 45.
5
Let f = -2 + 41. Suppose 9*x = -12 + f. Suppose -87 = -3*v + x. What is the highest common factor of v and 6?
6
Suppose -7*p = -18*p. Let v be p - -9*(-4 - -5). Suppose -3*z = -3*w - 108, -w + 3*w - 36 = -z. What is the greatest common factor of v and z?
9
Suppose -2*c + 0*p + 316 = -4*p, 3*p = 2*c - 312. Suppose -57*q + 8 = -59*q, q = 5*o - 1754. Calculate the greatest common divisor of o and c.
50
Let i(w) = 6*w - 60. Let d be 640/120*(0 + 2 - -1). Let c be i(d). What is the greatest common factor of c and 84?
12
Suppose 3590 = 3*i - 5*x, -1426 = x - 1434. Calculate the greatest common factor of 80 and i.
10
Let x(m) = 3*m**2 - 11*m + 14. Let q be x(8). Suppose -2*p + q - 84 = 0. What is the greatest common divisor of 1 and p?
1
Let f be ((-1764)/(-112))/((-1)/(-12)). Suppose -u - u + 42 = 0. Suppose 84 + u = 5*y. What is the highest common factor of f and y?
21
Let k be ((-10)/(-1))/(2/6). Suppose -3*z = -2*c + 12, -2*z = -9*c + 4*c + k. Let d = -99611 - -99612. What is the highest common divisor of d and c?
1
Let x = -1007 + 1322. What is the highest common divisor of x and 360?
45
Let z be 1/((-4635)/26037 + (-6)/(-33)). Let i = z - 220. Calculate the greatest common factor of 86 and i.
43
Suppose u - 5*u = -j + 78, 179 = 3*j - u. Let a(t) = -t**3 - 2*t**2 + 8*t + 4. Let x be a(-6). Let c = x - j. Calculate the highest common factor of 14 and c.
14
Let b = 12778 + -12592. What is the highest common factor of b and 6?
6
Suppose 4*z - 5*t - 65 = 88, 5*z - 189 = 4*t. What is the greatest common divisor of 1443 and z?
37
Suppose -210885 = 2*c - 219119. What is the highest common factor of c and 230?
23
Suppose 7*m + 3*m = 17467 + 26933. Calculate the highest common divisor of 1295 and m.
185
Let q(p) = -p + 7. Let n be q(0). Suppose 7*o + 63 = -n. Let s be 15/((-2)/(o + 0)). Calculate the greatest common factor of 15 and s.
15
Suppose -3*k + 2*l = -22, -5*k - 6 + 21 = l. Suppose -4*w + 48 = 2*f, 4*w - 3*w - 12 = k*f. Calculate the greatest common factor of w and 24.
12
Let m(h) = 36*h**3 - 13*h + 12. Let c be m(1). Let w = 10 + -21. Let x = w - -81. What is the greatest common factor of c and x?
35
Suppose b = 8 + 4. Suppose b + 14 = -2*a - 4*i, 3*a - 5*i = -83. Let s = 33 + a. Calculate the highest common factor of s and 6.
6
Suppose 0 = -47*w - 4424 + 21626. Let p = -355 + w. What is the greatest common factor of 341 and p?
11
Suppose 50*p - 54*p = -184. Suppose -56*j - 1758 + 10774 = 0. What is the greatest common divisor of p and j?
23
Suppose